{"id":145,"date":"2020-02-28T11:26:42","date_gmt":"2020-02-28T10:26:42","guid":{"rendered":"https:\/\/www.some-home.fr\/?page_id=145"},"modified":"2020-03-12T09:57:14","modified_gmt":"2020-03-12T08:57:14","slug":"etude-de-votre-projet","status":"publish","type":"page","link":"https:\/\/www.some-home.fr\/index.php\/etude-de-votre-projet\/","title":{"rendered":"Etude de votre projet"},"content":{"rendered":"<p>[et_pb_section fb_built=\u00a0\u00bb1&Prime; _builder_version=\u00a0\u00bb4.2.2&Prime;][et_pb_row _builder_version=\u00a0\u00bb4.2.2&Prime;][et_pb_column type=\u00a0\u00bb4_4&Prime; _builder_version=\u00a0\u00bb4.2.2&Prime;][et_pb_image src=\u00a0\u00bbhttps:\/\/www.some-home.fr\/wp-content\/uploads\/2020\/03\/etude-de-votre-projet.png\u00a0\u00bb _builder_version=\u00a0\u00bb4.2.2&Prime; hover_enabled=\u00a0\u00bb0&Prime;][\/et_pb_image][\/et_pb_column][\/et_pb_row][et_pb_row _builder_version=\u00a0\u00bb4.2.2&Prime;][et_pb_column type=\u00a0\u00bb4_4&Prime; _builder_version=\u00a0\u00bb4.2.2&Prime;][et_pb_text _builder_version=\u00a0\u00bb4.2.2&Prime;]<\/p>\n<h1>Etude de votre projet<\/h1>\n<p>&nbsp;<\/p>\n<p>S.O.M.E HOME est \u00e0 votre \u00e9coute pour d\u00e9finir et r\u00e9aliser votre projet de construction ou de transformation (int\u00e9rieure et\/ou ext\u00e9rieure). Lors de notre premi\u00e8re rencontre, vous nous pr\u00e9sentez votre projet et nous \u00e9changeons ensemble. S.O.M.E HOME vous pr\u00e9sente sa d\u00e9marche de travail, r\u00e9pond aux questions que vous vous posez et \u00e9value votre projet. A l\u2019occasion d\u2019un second rendez-vous, S.O.M.E HOME vous pr\u00e9sente son devis et sa lettre de mission.<\/p>\n<p>La mission engag\u00e9e commence par l\u2019\u00e9tude de votre projet, cette phase se d\u00e9roule en 2 temps :<\/p>\n<p><strong>\u2022 Le cahier des charges <\/strong><br \/> Notre premier rendez-vous permet de d\u00e9finir ensemble votre cahier des charges qui synth\u00e9tise : &#8211; la nature du projet &#8211; vos envies, souhaits, styles &#8211; votre budget Ensemble nous listons et d\u00e9crivons chaque \u00e9l\u00e9ment de votre projet.<\/p>\n<p><strong>\u2022 Conception <\/strong><br \/> Une fois \u00e9tabli le cahier des charges, d\u00e9bute la phase de conception, au cours de laquelle plusieurs projets vous sont propos\u00e9s. Ces projets peuvent \u00eatre ajust\u00e9s, remodel\u00e9s, pour correspondre \u00e0 vos attentes. Nous retravaillons ensemble le projet en fonction des contraintes et choix techniques, esth\u00e9tiques et budg\u00e9taires. S.O.M.E HOME vous expose les avantages et inconv\u00e9nients de chaque solution envisag\u00e9e, et vous accompagne dans vos d\u00e9cisions.<\/p>\n<p>Avec S.O.M.E HOME, \u00e0 chaque \u00e9tape, vous avez la ma\u00eetrise de votre projet.<br \/> Quand votre projet est d\u00e9fini, S.O.M.E HOME \u00e9tudie les co\u00fbts de r\u00e9alisation (lien).<\/p>\n<p><strong>Vous souhaitez nous parler de votre projet ? <a href=\"\/index.php\/contact\/\">Contactez-nous<\/a>.<\/strong><\/p>\n<p>[\/et_pb_text][\/et_pb_column][\/et_pb_row][\/et_pb_section]<\/p>\n","protected":false},"excerpt":{"rendered":"<p>Etude de votre projet &nbsp; S.O.M.E HOME est \u00e0 votre \u00e9coute pour d\u00e9finir et r\u00e9aliser votre projet de construction ou de transformation (int\u00e9rieure et\/ou ext\u00e9rieure). Lors de notre premi\u00e8re rencontre, vous nous pr\u00e9sentez votre projet et nous \u00e9changeons ensemble. S.O.M.E HOME vous pr\u00e9sente sa d\u00e9marche de travail, r\u00e9pond aux questions que vous vous posez et [&hellip;]<\/p>\n","protected":false},"author":1,"featured_media":0,"parent":0,"menu_order":0,"comment_status":"closed","ping_status":"closed","template":"","meta":{"_et_pb_use_builder":"on","_et_pb_old_content":"","_et_gb_content_width":"","footnotes":""},"class_list":["post-145","page","type-page","status-publish","hentry"],"_links":{"self":[{"href":"https:\/\/www.some-home.fr\/index.php\/wp-json\/wp\/v2\/pages\/145","targetHints":{"allow":["GET"]}}],"collection":[{"href":"https:\/\/www.some-home.fr\/index.php\/wp-json\/wp\/v2\/pages"}],"about":[{"href":"https:\/\/www.some-home.fr\/index.php\/wp-json\/wp\/v2\/types\/page"}],"author":[{"embeddable":true,"href":"https:\/\/www.some-home.fr\/index.php\/wp-json\/wp\/v2\/users\/1"}],"replies":[{"embeddable":true,"href":"https:\/\/www.some-home.fr\/index.php\/wp-json\/wp\/v2\/comments?post=145"}],"version-history":[{"count":5,"href":"https:\/\/www.some-home.fr\/index.php\/wp-json\/wp\/v2\/pages\/145\/revisions"}],"predecessor-version":[{"id":286,"href":"https:\/\/www.some-home.fr\/index.php\/wp-json\/wp\/v2\/pages\/145\/revisions\/286"}],"wp:attachment":[{"href":"https:\/\/www.some-home.fr\/index.php\/wp-json\/wp\/v2\/media?parent=145"}],"curies":[{"name":"wp","href":"https:\/\/api.w.org\/{rel}","templated":true}]}}